er when 135 is divided by f.
20
Suppose -4*s + 25 = -3*z, -z = -2*s - 3*z + 2. Let h = -1 - -5. Calculate the remainder when h is divided by (6/s)/((-3)/(-4)).
0
Suppose 467 = -5*j - x, -2*x = -3*j + 4*j + 97. What is the remainder when 2*(j/(-6) + -4) is divided by 8?
7
Let j = -13 + 37. What is the remainder when 94 is divided by j?
22
Suppose s + 2 = 4*h - 2, 2*s = -h + 19. Let i(m) = -m + 9. What is the remainder when i(-13) is divided by s?
6
What is the remainder when 58 is divided by 18/45 + 146/10?
13
Let v(f) = f**2 + 12*f + 9. Calculate the remainder when v(-16) is divided by 15.
13
Let x = 2 - 0. Suppose -3*r + 110 = x*r. Calculate the remainder when 43 is divided by r.
21
Let a = -6 - -6. Suppose 0 = -2*w + 3*u - 0*u + 1, a = 4*u - 20. Calculate the remainder when 23 is divided by w.
7
Suppose -l = -12 - 1. What is the remainder when l is divided by 8?
5
Let r = -12 - -24. Let p(z) = 2*z + 53. Calculate the remainder when p(-16) is divided by r.
9
Let z(t) = -3*t + 6. Calculate the remainder when 54 is divided by z(-5).
12
Suppose 23 + 27 = 2*w - 4*n, 5*n + 20 = 0. Let u be (-1 + 3 - 2) + 0. Suppose 0 = r - u*r - 9. Calculate the remainder when w is divided by r.
8
Suppose 4*q - 172 = -4*m + 104, 351 = 5*q + 2*m. What is the remainder when q is divided by 18?
17
Let c = -122 - -146. What is the remainder when 44 is divided by c?
20
Let a = 11 + 8. What is the remainder when 67 is divided by a?
10
Suppose -2*k + 15 = -5. What is the remainder when 19 is divided by k?
9
Calculate the remainder when 66 is divided by 6*(-10)/(-3) - 18/6.
15
Suppose 5*g = 4*g + 35. What is the remainder when 136 is divided by g?
31
Let r(f) = -f**2 - 1. Let j(l) = -l**2 - 3*l + 5. Let h(d) = -j(d) - 2*r(d). Calculate the remainder when h(-3) is divided by 6.
3
Suppose w - h - 5 - 1 = 0, -4*w - h + 39 = 0. Let k(x) = -x**2 + 11*x + 3. Let n be k(11). Suppose w = n*b - 0*b. What is the remainder when 8 is divided by b?
2
Suppose 5*t - 125 = 6*z - z, -5*z = -t + 45. Calculate the remainder when t is divided by 6.
2
Let v = -72 - -104. Suppose 13 = 5*x - v. Calculate the remainder when x is divided by 3.
0
Let x = 9 + 16. Calculate the remainder when x is divided by 7.
4
Let u = 10 - 16. Let t = u - -4. Calculate the remainder when -11*(-3)/(-6)*t is divided by 4.
3
Let r = 58 + -35. Let c = r + -13. Calculate the remainder when c is divided by 6.
4
Let j(c) = -c**2 + 5*c + 6. Suppose 2*i + i = -5*q + 31, -3*i = 2*q - 16. Calculate the remainder when 16 is divided by j(q).
4
Suppose 0 = -u + m + 11, 90 = 5*u + 2*m - 0*m. Let w = -11 + u. Calculate the remainder when w is divided by 4.
1
Let o(c) be the third derivative of c**4/24 - 3*c**2. Calculate the remainder when 4 is divided by o(2).
0
Calculate the remainder when 39 is divided by (-2)/9 - 364/(-18).
19
Suppose 1 = -j + 3. Suppose 13 = 4*d + 1. Calculate the remainder when d is divided by j.
1
Suppose 0*r + 3*r = 198. Calculate the remainder when r is divided by 23.
20
Suppose -2*q - 2*q + 2*a = -2, -a = -3*q + 4. Suppose 6 + 30 = q*f. Calculate the remainder when 33 is divided by f.
9
Let h = 117 - 56. Calculate the remainder when h is divided by 16.
13
Let x be 1/(-2) + (-25)/2. Let o = -2 - x. Calculate the remainder when 21 is divided by o.
10
Let w(d) = d + 7. Let f be w(-5). Suppose -2*i = -4*m + f*i + 44, 0 = 5*m + 2*i - 34. What is the remainder when 22 is divided by m?
6
Suppose -r + 2*r - 93 = 0. Let k = r + -55. Calculate the remainder when k is divided by 20.
18
Suppose 3*j + 24 = 6*j - 2*x, -2*x = 4*j - 32. Suppose 2*m = -z - 3*z + j, 27 = -2*m + 3*z. Calculate the remainder when 18 is divided by 20/(-6)*m/2.
8
Let q = -23 - -38. Suppose 2*k = 3*h - 14, 2 = -4*k - 2. Suppose -h*d + 128 = 2*f + f, -d = f - 43. Calculate the remainder when f is divided by q.
14
Let l(v) = v**2 - 4. Let y = 4 + -7. Let x(r) = -15*r - 4. Calculate the remainder when x(y) is divided by l(-5).
20
Let n = 14 + -11. Let d = 44 + -30. Calculate the remainder when -1*d*n/(-3) is divided by 8.
6
Suppose -10*h + 31 = -179. What is the remainder when 123 is divided by h?
18
Suppose -2*d + 2*u = -3*u - 103, -5*u + 142 = 3*d. Suppose -3*f + d = -47. What is the remainder when f is divided by 17?
15
Let s = 5 - -16. Suppose 0 = -4*u, 3*x - u - 44 = -8. Calculate the remainder when s is divided by x.
9
Let k = 14 + -11. Suppose w - 15 = k. Calculate the remainder when 53 is divided by w.
17
Suppose h - 2*g - 8 - 56 = 0, -4*h = -4*g - 264. Suppose h = 2*s + 2*s. What is the remainder when 32 is divided by s?
15
Let m = 121 + -85. Suppose -7 = -d + 3*l, 3*l = -d - 2*d + 45. What is the remainder when m is divided by d?
10
What is the remainder when 149 is divided by (6/(-21))/((-3)/175)*3?
49
Let g be (-2)/(156/(-81) - -2). Let y = -9 - g. What is the remainder when y is divided by 5?
3
Suppose 5*p = 3*p + 28. Calculate the remainder when 53 is divided by p.
11
Let q(j) = j**3 + 5*j**2 + 4*j. Let w be q(-4). Let g(r) = 2*r + 4. Let y be g(3). Suppose -f = -w*f - y. What is the remainder when 18 is divided by f?
8
Suppose -2*g + 32 = 2*g. Let m = 24 - g. What is the remainder when m is divided by 9?
7
Suppose 5*q - 7*q + 16 = 0. Let r(f) = -f**3 + 8*f**2 + 3*f + 11. Calculate the remainder when r(q) is divided by 13.
9
Let k = 89 - 39. Suppose -6*u + 2*u + 32 = 4*i, 2*u = 4*i - 8. Suppose -i*r = -2*j + 50, -j + 5*r + 20 = -17. What is the remainder when k is divided by j?
16
Let x = 6 - 8. Let k be ((-12)/9)/(x/(-3)). Let a(g) = -3*g - 2. Calculate the remainder when 9 is divided by a(k).
1
Suppose -o + 2*o + 13 = 0. Let g = 30 + o. Calculate the remainder when g is divided by 39/4 - (-6)/(-8).
8
What is the remainder when 21 is divided by -18*(-4)/(-12)*-1?
3
Let d(g) = -2*g - 3. Let w be d(-2). Let x = 11 + w. Calculate the remainder when 46 is divided by x.
10
Suppose 2*h + 3*t - 43 = -2*t, t = 5*h - 67. What is the remainder when h is divided by 5?
4
Let s(l) = l - 1. Let m be s(4). Suppose 3*v + m*a - 55 = -v, -3*v + 50 = 4*a. Calculate the remainder when 27 is divided by v.
7
Suppose 0 = 4*g - 74 + 2. Suppose 3*l = -6 + g. Suppose 10 = -m - l*o, 5*o - 8 = 3*m - 29. What is the remainder when m is divided by 2?
0
Suppose 5*y = 315 + 5. What is the remainder when y is divided by 17?
13
Suppose -2*b + 29 + 9 = 0. Let c = b - 11. Calculate the remainder when 14 is divided by c.
6
Suppose 4*d = 2*d + 20. Suppose 4*r - 15 = r - 3*f, -4*r - f + 20 = 0. Let w(a) = a - 1. What is the remainder when d is divided by w(r)?
2
Suppose -6*t + 561 + 81 = 0. What is the remainder when t is divided by 36?
35
Let r = 39 + -25. Let i(p) = -p**2 + 14*p + 3. Calculate the remainder when i(r) is divided by 1.
0
Suppose 2*d - 16 = 20. Let b = -12 - -17. What is the remainder when d is divided by b?
3
Let p = -4 - -15. Suppose -63 = 3*c + 2*r, -3*c - 11 = r + 52. Calculate the remainder when c*1/((-1)/1) is divided by p.
10
Calculate the remainder when 2 + 3 - (-143 + 4) is divided by 21.
18
Suppose 0 = 11*r - 7*r - 96. What is the remainder when 92 is divided by r?
20
Let i(z) = 9*z + 3. Let t be i(-2). What is the remainder when 11 is divided by (-48)/t + 2/(-10)?
2
Let v = 3 + -3. Suppose 0 = -v*r - 4*r - 5*x - 4, r - 2*x - 12 = 0. Calculate the remainder when 6 + 1 - 0/(-2) is divided by r.
3
Suppose 4 = -w, -5*g - 170 = -2*g - w. Let q = -24 - g. What is the remainder when q is divided by 9?
7
Suppose 3*x - 39 = -0*x. Let h(n) = 5*n**3 - n**2 + 2*n - 2. Let m(k) = k**3 + 6*k**2 + k + 8. Let q be m(-6). What is the remainder when h(q) is divided by x?
12
Let x = 68 + 1. What is the remainder when x is divided by 12?
9
Let z(y) = -3*y**3 - y**2 + y + 1. Let m be z(2). Let a = 39 + m. What is the remainder when a is divided by 8?
6
Suppose -2*v = 5*b - 4*v - 165, 0 = -b + 5*v + 10. What is the remainder when 174 is divided by b?
34
Suppose 5*f - 31 + 6 = 0. Suppose -f*x + 5 = -2*x - 5*h, 5 = x - 5*h. Suppose x = -m - 0*m + 11. Calculate the remainder when 19 is divided by m.
8
Calculate the remainder when -18*(-1 - 1) - 0 is divided by ((-19)/(-3))/((-2)/(-6)).
17
Suppose -f = m - 40, 4*f - 198 = -5*m - 0*f. Let y = m - 21. What is the remainder when y is divided by 10?
7
Let u = 16 + -28. Calculate the remainder when (8/10)/(u/(-510)) 